10)/(-20)). Suppose k - g = -5. Calculate the highest common factor of 132 and k.
12
Let x = -138 - -193. What is the greatest common factor of x and 11?
11
Suppose 6 + 10 = s. Let t(y) = -y**3 - 3*y**2 + 3. Let l be t(-3). Suppose -5*w = h - 25, -3*w - 6 = l. What is the highest common factor of s and h?
8
Let m(x) = 4*x**2 - 5*x + 2. Let p be m(4). Let h = p - 6. Let w = 24 - 14. What is the highest common divisor of w and h?
10
Let c(h) = -h**3 + 7*h**2 + 9*h - 8. Let v be c(8). Suppose 5*j - 10 - 35 = v. Suppose -g - 25 = -106. Calculate the greatest common factor of j and g.
9
Let z be 174/24 + (0 - 1/4). Suppose -4*v + 2*w = -134, -120 = 2*v - 5*v - 5*w. Calculate the greatest common divisor of z and v.
7
Let p(f) = -f**3 - 11*f**2 - 10*f - 2. Let v be p(-10). Let y be (-3 - 39)/(3/v). Calculate the highest common divisor of y and 7.
7
Let c(q) = -5*q**2 - 6*q**3 + 2*q**2 - 1 + 2*q**2 - q. Let a be c(-1). Suppose -o - 64 = -a*o. What is the highest common divisor of 16 and o?
16
Let f be (-1)/(-3) - (-24)/9. Suppose n - f = -0*n. Let a be -2*(0 - (-3)/(-2)). What is the highest common factor of n and a?
3
Let v = -42 - 57. Let p = v + 204. What is the greatest common divisor of 15 and p?
15
Let c be 1*7 - 6/6. Suppose -5*y = -0*y. Suppose 4*v + 2*k = 26, y*k - 10 = -2*k. Calculate the greatest common divisor of c and v.
2
Suppose 180 = 4*k - i, -2*k - 4*i = -i - 76. What is the greatest common factor of 11 and k?
11
Let f = -17 - -18. Let r = -2 - -6. Calculate the highest common factor of f and r.
1
Let l(i) = i**3 + 8*i**2 - 10*i - 4. Let w be l(-9). Suppose 0 = -w*z + o + 18 + 24, -4*o = 8. What is the greatest common divisor of 64 and z?
8
Let g(m) be the second derivative of -m**5/20 + 2*m**4/3 - 2*m**3/3 - 3*m**2/2 + 2*m. Let h be g(6). What is the highest common divisor of h and 18?
9
Let k(a) = -3*a - 1. Let g(u) = -2*u. Let q(r) = 4*g(r) - 3*k(r). Let y be q(6). Calculate the greatest common factor of 63 and y.
9
Let n(i) = 6*i. Let x be 6/4 + (-3)/6. Let g be n(x). Calculate the greatest common factor of g and 24.
6
Let j(c) = 2*c**3 - 3*c**2 - 2*c + 2. Let m be j(3). Let t be ((-28)/10)/(1/5). Let f = m + t. Calculate the highest common factor of 45 and f.
9
Suppose -5*b = -4*b - 18. Suppose 5*c + 16 - 49 = 4*o, -c = -o - 6. Calculate the greatest common factor of b and c.
9
Suppose -3*t = -5*t - x + 251, -2*x - 10 = 0. What is the greatest common divisor of t and 16?
16
Let c be (-2)/(4/(-6)) + 0. Let h = 3 - 0. Let r be h*3/(2 + 1). What is the greatest common factor of r and c?
3
Suppose -20 = -j + t, j + 4*t = -j + 28. Suppose -4*z + 6 + 18 = 0. What is the greatest common divisor of z and j?
6
Let x(f) = -f**2 - 14*f - 12. Let i be x(-11). What is the greatest common divisor of 168 and i?
21
Let v = -51 + 27. Let z = -3 - v. What is the highest common divisor of z and 14?
7
Let x be (-56)/4*(-12)/14. Let p = 43 + x. Calculate the highest common divisor of 5 and p.
5
Let g(i) = 11*i**3 + i**2 + 6*i - 5. Let p be g(2). Let u(j) = 7*j - 3. Let o be u(2). Calculate the highest common divisor of p and o.
11
Suppose 0 = -3*s, -4*q = 3*s - 723 + 163. What is the greatest common divisor of q and 14?
14
Let b be -2*(4/2 + -6). Let f be (-1 + 3)/(-2) + -6. Let h = b + f. What is the greatest common divisor of 7 and h?
1
Let w = -43 - -63. Suppose 0*h = 3*h - 12. Let l be h/6 + 140/15. Calculate the highest common divisor of l and w.
10
Suppose c - 12 = -3*c. Suppose 5*n = -2*b + 371, c*n - n + 10 = 0. Calculate the greatest common divisor of b and 18.
18
Let b be (-8)/3 - 3/9. Let c = b - -3. Let f be (3 - (2 + -2)) + c. Calculate the highest common divisor of f and 6.
3
Suppose d = -0*d - 5*x + 12, 0 = d - x. Calculate the greatest common divisor of 1 and d.
1
Let h be 44/(-1)*(-2 + (-78)/8). Calculate the highest common divisor of 47 and h.
47
Suppose -7*y + 2*y + 25 = 2*d, -5*y = -15. Calculate the greatest common factor of 5 and d.
5
Let f(d) be the second derivative of 35*d**3/6 - 2*d**2 + 4*d. Let x be f(4). Calculate the greatest common divisor of x and 34.
34
Suppose -10*i + 6*i = -76. What is the greatest common factor of 38 and i?
19
Let u = -8 - -43. What is the highest common factor of u and 140?
35
Suppose 13 = 2*y - 1. Let v = -4 + y. Suppose o - 5*o = -3*w + 37, -w = -v*o - 14. What is the highest common divisor of w and 99?
11
Let s = -81 - -151. What is the greatest common factor of s and 10?
10
Let w(p) = -2*p - 4. Let m be w(-5). Suppose -14 = -t - s - s, -2*t = 5*s - 23. Calculate the greatest common divisor of m and t.
6
Let k = 1 + 1. Let a(g) = 7 - 3 - 3 + 9*g. Let u be a(1). Calculate the greatest common divisor of k and u.
2
Let d(f) = -f - 2. Let s be d(-6). Let o(b) = 3*b**3 + b**2 + 5*b - 3. Let l be o(s). Calculate the greatest common divisor of 25 and l.
25
Let x = 89 - 47. Let y = -195 + 274. Let n = y - 51. Calculate the highest common divisor of x and n.
14
Let x = 16 + 64. Calculate the greatest common factor of x and 20.
20
Suppose 2*c - 5*c + 357 = 0. Calculate the highest common factor of c and 17.
17
Let a(y) be the first derivative of -1 - 9*y - 5*y**2 - 1/3*y**3. Let w be a(-6). Calculate the greatest common divisor of 30 and w.
15
Let l(t) = -t**2 + 5*t + 3. Let c be l(4). What is the greatest common divisor of c and 14?
7
Suppose -20 = -5*n + 20. Let d be (-2)/(-2)*(0 + 8). Let l(i) = -i**3 + 9*i**2 - 3*i. Let h be l(d). Calculate the highest common divisor of h and n.
8
Suppose -76 = -4*j - 5*n + 22, 2*j + 2*n - 50 = 0. Calculate the highest common factor of 36 and j.
9
Let j be 4/(32/134) - 6/8. Calculate the greatest common factor of 40 and j.
8
Let r be (-5)/(-7) - 4/(-14). Let z(d) = -d**3 + 3*d**2 - d. Let a be (-18)/(-8) + (-1)/4. Let o be z(a). What is the greatest common divisor of o and r?
1
Suppose -4*l - 5*d = -89, -2*l + 4*l - 39 = 3*d. What is the greatest common factor of 105 and l?
21
Let t be (17 + 1)/(3/30). Let i be -4 + 4 - (-56 + 0). Suppose 4*j + 8 = 0, 0 = -3*h - 0*j - 2*j + i. What is the greatest common divisor of h and t?
20
Suppose 0 = -5*y + 4*t + 516, 5*y - t = 548 - 44. Suppose -v = 4*v - y. Calculate the greatest common divisor of 50 and v.
10
Let l = -52 - -121. Suppose -5*r = 3*y - 49 - 10, -4*y + l = -3*r. What is the highest common factor of y and 9?
9
Let f(y) = -y**3 - 8*y**2 + 3. Let q be f(-8). Let g be -2 + q + (2 - -8). What is the greatest common divisor of g and 22?
11
Let b = -16 + 15. Let l be (b - 4/(-12))*-108. Suppose w - 5*s + 11 = 0, -2*w + 0*w - 2*s = -26. What is the greatest common factor of l and w?
9
Let v be 2/4 + 23/(-2). Let w = v + 40. Suppose -4*i + 3*i + 5*o = -w, -5*i - o + 67 = 0. What is the highest common divisor of i and 28?
14
Let b(u) be the second derivative of u**4/12 - u**3/3 + 5*u**2/2 + 2*u. Let s be b(4). Calculate the highest common factor of 26 and s.
13
Let i(j) = j**2 - j + 16. Let u be i(-7). What is the greatest common divisor of u and 8?
8
Let k(d) = d**3 - 8*d**2 - d + 7. Let w be k(8). Let r be w - (-2 - -2) - -20. Calculate the greatest common factor of r and 19.
19
Let j be 6/(-4) - 74/(-4). What is the greatest common factor of 136 and j?
17
Let p(t) = -2*t + 8. Let c be p(-4). Let n = 18 - 2. Calculate the greatest common factor of n and c.
16
Let m(q) = -q**3 - 9*q**2 + q - 13. Let p be m(-10). Let g = p + -42. What is the highest common factor of g and 5?
5
Let b be ((-15)/(-6) - 2) + (-7)/(-2). Let u(n) = -9*n. Let h be u(1). Let o = 15 + h. What is the greatest common divisor of b and o?
2
Let f(d) = d**2 - 10*d + 24. Let c be f(8). Calculate the highest common divisor of c and 12.
4
Suppose i + 2 = 6. Suppose -5*z = -3*n - 32, -2*n - i*z - 4 = 3*n. Let h be 6/n*18*-1. What is the greatest common divisor of h and 9?
9
Suppose 2*m + 0*r - 12 = 2*r, 4*r + 28 = 5*m. Suppose m*v = 8*v - 40. Calculate the highest common factor of 90 and v.
10
Let o = 6 - 15. Let g be (3/o)/((-2)/114). What is the highest common factor of g and 171?
19
Let q(g) = g**3 + 6*g**2 + 3*g + 4. Let w be q(-5). Suppose 0*r - r - y = -4, -4*y = 2*r - w. Let p = 3 - r. What is the greatest common divisor of 2 and p?
2
Let o(u) = -u**3 - 2*u**2 + u + 22. Let s be o(0). Suppose 0 = -3*k - 21 + 6. Let f = k - -7. What is the highes